it of 3450?
0
What is the thousands digit of 3448?
3
What is the tens digit of 419?
1
What is the units digit of 12440?
0
What is the hundreds digit of 2346?
3
What is the units digit of 2223?
3
What is the hundreds digit of 4235?
2
What is the units digit of 4524?
4
What is the hundreds digit of 245?
2
What is the units digit of 1229?
9
What is the tens digit of 17872?
7
What is the ten thousands digit of 15400?
1
What is the thousands digit of 20498?
0
What is the hundreds digit of 2300?
3
What is the tens digit of 279?
7
What is the tens digit of 2971?
7
What is the tens digit of 3652?
5
What is the tens digit of 12787?
8
What is the hundreds digit of 483?
4
What is the units digit of 35835?
5
What is the ten thousands digit of 62379?
6
What is the hundreds digit of 1877?
8
What is the units digit of 5760?
0
What is the units digit of 13366?
6
What is the hundreds digit of 2515?
5
What is the thousands digit of 142695?
2
What is the units digit of 51761?
1
What is the units digit of 8817?
7
What is the tens digit of 21467?
6
What is the units digit of 851?
1
What is the units digit of 736?
6
What is the hundreds digit of 930?
9
What is the units digit of 7857?
7
What is the hundreds digit of 64858?
8
What is the tens digit of 86?
8
What is the tens digit of 740?
4
What is the units digit of 10534?
4
What is the ten thousands digit of 10053?
1
What is the thousands digit of 1253?
1
What is the hundreds digit of 7208?
2
What is the thousands digit of 3043?
3
What is the units digit of 6099?
9
What is the thousands digit of 5455?
5
What is the thousands digit of 1357?
1
What is the ten thousands digit of 40712?
4
What is the thousands digit of 2673?
2
What is the thousands digit of 31915?
1
What is the units digit of 15276?
6
What is the thousands digit of 15525?
5
What is the hundreds digit of 2391?
3
What is the units digit of 475?
5
What is the hundreds digit of 40628?
6
What is the tens digit of 861?
6
What is the thousands digit of 32979?
2
What is the units digit of 201?
1
What is the hundreds digit of 32322?
3
What is the hundreds digit of 50896?
8
What is the hundreds digit of 4264?
2
What is the tens digit of 1619?
1
What is the units digit of 21466?
6
What is the thousands digit of 2160?
2
What is the units digit of 14?
4
What is the tens digit of 60631?
3
What is the hundreds digit of 50403?
4
What is the units digit of 95618?
8
What is the hundreds digit of 28627?
6
What is the tens digit of 545?
4
What is the tens digit of 11729?
2
What is the ten thousands digit of 141038?
4
What is the hundreds digit of 374?
3
What is the units digit of 137?
7
What is the ten thousands digit of 119391?
1
What is the thousands digit of 5193?
5
What is the hundreds digit of 1422?
4
What is the hundreds digit of 2245?
2
What is the tens digit of 6311?
1
What is the units digit of 333?
3
What is the thousands digit of 19621?
9
What is the thousands digit of 2533?
2
What is the tens digit of 1278?
7
What is the units digit of 2597?
7
What is the hundreds digit of 1321?
3
What is the hundreds digit of 5702?
7
What is the tens digit of 35776?
7
What is the thousands digit of 57984?
7
What is the tens digit of 46914?
1
What is the ten thousands digit of 13912?
1
What is the hundreds digit of 15309?
3
What is the thousands digit of 45110?
5
What is the units digit of 31773?
3
What is the thousands digit of 5614?
5
What is the ten thousands digit of 26355?
2
What is the thousands digit of 7760?
7
What is the thousands digit of 149933?
9
What is the thousands digit of 11366?
1
What is the hundreds digit of 58751?
7
What is the thousands digit of 6021?
6
What is the thousands digit of 2658?
2
What is the tens digit of 919?
1
What is the hundreds digit of 17944?
9
What is the thousands digit of 10278?
0
What is the thousands digit of 2127?
2
What is the thousands digit of 85239?
5
What is the tens digit of 3788?
8
What is the hundreds digit of 759?
7
What is the thousands digit of 27942?
7
What is the units digit of 7944?
4
What is the thousands digit of 11510?
1
What is the units digit of 26907?
7
What is the tens digit of 14594?
9
What is the ten thousands digit of 26814?
2
What is the ten thousands digit of 120114?
2
What is the tens digit of 1128?
2
What is the hundreds digit of 721?
7
What is the tens digit of 11178?
7
What is the tens digit of 68209?
0
What is the tens digit of 162?
6
What is the hundreds digit of 737?
7
What is the units digit of 1375?
5
What is the tens digit of 5781?
8
What is the tens digit of 16808?
0
What is the thousands digit of 1055?
1
What is the hundreds digit of 1309?
3
What is the tens digit of 2428?
2
What is the units digit of 5988?
8
What is the hundreds digit of 286?
2
What is the units digit of 55452?
2
What is the hundreds digit of 805?
8
What is the tens digit of 203500?
0
What is the thousands digit of 1899?
1
What is the tens digit of 3565?
6
What is the tens digit of 12332?
3
What is the tens digit of 10390?
9
What is the units digit of 616?
6
What is the thousands digit of 74258?
4
What is the units digit of 672?
2
What is the hundreds digit of 2191?
1
What is the units digit of 29712?
2
What is the units digit of 7155?
5
What is the thousands digit of 40970?
0
What is the units digit of 16768?
8
What is the tens digit of 99?
9
What is the hundreds digit of 6667?
6
What is the ten thousands digit of 10683?
1
What is the tens digit of 70604?
0
What is the thousands digit of 4842?
4
What is the ten thousands digit of 13629?
1
What is the tens digit of 12639?
3
What is the thousands digit of 8189?
8
What is the units digit of 37647?
7
What is the units digit of 411?
1
What is the units digit of 898?
8
What is the ten thousands digit of 10906?
1
What is the units digit of 4046?
6
What is the hundreds digit of 873?
8
What is the hundred thousands digit of 155076?
1
What is the units digit of 67725?
5
What is the units digit of 6294?
4
What is the units digit of 979?
9
What is the tens digit of 76?
7
What is the tens digit of 4417?
1
What is the tens digit of 1065?
6
What is the hundreds digit of 112575?
5
What is the hundreds digit of 5540?
5
What is the tens digit of 2127?
2
What is the thousands digit of 98462?
8
What is the hundreds digit of 596?
5
What is the thousands digit of 98900?
8
What is the units digit of 41980?
0
What is the hundreds digit of 1461?
4
What is the units digit of 2478?
8
What is the hundreds digit of 15773?
7
What is the units digit of 17433?
3
What is the units digit of 6484?
4
What is the units digit of 12039?
9
What is the units digit of 8152?
2
What is the tens digit of 233?
3
What is the units digit of 9069?
9
What is the tens digit of 2429?
2
What is the ten thousands digit of 34072?
3
What is the units digit of 2655?
5
What is the thousands digit of 111988?
1
What is the hundreds digit of 3184?
1
What is the hundreds digit of 3543?
5
What is the ten thousands digit of 30074?
3
What is the tens digit of 33263?
6
What is the units digit of 1021?
1
What is the units digit of 69270?
0
What is the hundreds digit of 2687?
6
What is the units digit of 12992?
2
What is the tens digit of 9975?
7
What is the tens digit of 26831?
3
What is the hundreds digit of 1741?
7
What is the tens digit of 926?
2
What is the ten thousands digit of 31723?
3
What is the hundreds digit of 1189?
1
What is the tens digit of 8289?
8
What is the thousands digit of 1048?
1
What is the tens digit of 15095?
9
What is the hundreds digit of 9983?
9
What is the units digit of 23478?
8
What is the tens digit of 7194?
9
What is the thousands digit of 5521?
5
What is the hundreds digit of 1685?
6
What is the thousands digit of 105510?
5
What is the hundreds digit of 929?
9
What is the tens digit of 7770?
7
What is the thousands digit of 9241?
9
What is the hundreds digit of 103?
1
What is the tens digit of 68619?
1
What is the thousands digit of 1279?
1
What is the tens digit of 60581?
8
What is the thousands digit of 3210?
3
What is the hundreds digit of 1729?
7
What is the ten thousands digit of 11052?
1
What is the hundreds digit of 26167?
1
What is the hundreds digit of 2938?
9
What is the units digit of 603?
3
What is the thousands digit of 6724?
6
What is the units digit of 1954?
4
What is the thousands digit o